). Let d = y - 7. Suppose d = -8*l + 3*l + 65. What is the remainder when 24 is divided by l?
11
Suppose 0 = -8*p + 5*p - 24. Let t = 31 + p. Calculate the remainder when 67 is divided by t.
21
Suppose 47 = 3*x + 29. Calculate the remainder when x is divided by 3.
0
Let c(j) = 2*j + 16. What is the remainder when c(6) is divided by 11?
6
Suppose -12 + 72 = 4*z. Calculate the remainder when 40 is divided by z.
10
Suppose 4*i - 3*i - 5 = 0. Suppose -i*k - 15 = -2*k. Let d(z) = -z**2 - 6*z - 1. What is the remainder when d(k) is divided by 3?
1
Calculate the remainder when 32 is divided by 4 + (-3 - -2 - -4).
4
Suppose -9*w + 356 = -121. What is the remainder when w is divided by 18?
17
Let t be (0 - -1) + (-4 - -5). Let g = t - -3. Let n(l) = -2*l**2 - 24*l - 13. What is the remainder when n(-11) is divided by g?
4
Let m(j) = -j + 44. Calculate the remainder when m(23) is divided by (-2 + 0)*22/(-4).
10
Suppose -40 = -5*v + 5*o, -4*v + v + o + 18 = 0. What is the remainder when 16 is divided by v?
1
Let g = 4 + -1. Suppose -125 = g*u - 8*u. What is the remainder when u is divided by 7?
4
Let v = 16 - 11. Let a = -5 - -8. What is the remainder when v is divided by a?
2
Let s(w) = 7*w**2 - 1. What is the remainder when s(1) is divided by 4?
2
Suppose -18*c = -19*c + 100. What is the remainder when c is divided by 52?
48
Let z(d) = d**3 + 5*d**2 + 3*d - 3. Let n = -16 + 27. What is the remainder when n is divided by z(-3)?
5
Suppose 0 = 5*v + 3*x + 2 - 64, -2*v - 3*x + 23 = 0. Let z(y) = -y**2 + 19. Let a be z(0). Let c = a - v. Calculate the remainder when 16 is divided by c.
4
Suppose 0 = 5*n + 5*j - 85, 1 = n - 2*n + 5*j. Suppose -q = -2*a - 0*q + 14, n = 2*a + 2*q. Calculate the remainder when a is divided by 2.
1
Suppose 2*w - 9 = -w. What is the remainder when ((-1)/w)/((-1)/33) is divided by 7?
4
Let m be ((-11)/2)/((-6)/(-12)). Let f = -7 - m. Suppose 62 = 3*x + f*g, 4*x - 4*g + g = 41. Calculate the remainder when x is divided by 8.
6
Let i(g) = -6*g - 4. Suppose -5*f + 4*r = 59, -2*f - 25 + 4 = r. Let y = -6 - f. Calculate the remainder when i(-3) is divided by y.
4
Suppose 5*r - 35 = -5*y, 0 = -4*r - 7 + 15. What is the remainder when 16 + 3/(-2)*2 is divided by y?
3
Suppose p + p - 6 = 0. Suppose 6*w = 7*w + 1. What is the remainder when w/2*0 + 6 is divided by p?
0
Let y(q) = -q**2 + 9*q - 3. What is the remainder when 67 is divided by y(4)?
16
Let a = -14 - -20. Calculate the remainder when 16 is divided by a.
4
What is the remainder when (3/(-1))/(3/(-56)) is divided by 21?
14
Let d be (2 - 1)*(-13 - -8). What is the remainder when 6 is divided by (d + 9)*3/4?
0
Suppose 7*o + 227 = 346. Calculate the remainder when (166/3)/(2/3) is divided by o.
15
Suppose -4*z + 566 = 4*v - 118, -5*z - 363 = -2*v. What is the remainder when v is divided by 22?
20
Let l(q) = 27*q**2 + 7*q. Let p be l(-6). Calculate the remainder when (-6)/21 + p/21 is divided by 15.
14
Let t(m) = 4*m - 4 + m**2 - m**3 - 2*m**2 - m**2. Let j be t(-4). Suppose 0 = -0*s + 2*s - j. What is the remainder when 11 is divided by s?
5
Let r be (26 - 8/4) + 0. Calculate the remainder when ((-12)/15)/(1/(-5)) is divided by r/18 + 4/6.
0
Calculate the remainder when (-32)/(-2) + 0 + -1 is divided by 3.
0
Suppose -r = -6*r + 50. Let d = 20 - 20. Suppose d = -5*n + 53 + 87. What is the remainder when n is divided by r?
8
Suppose -27 - 37 = 2*m. Let c = m + 46. What is the remainder when 53 is divided by c?
11
Let o be (-4 - -416)/(1 + 0). Suppose -4*w = 4*a - o, 0 = 2*w - a + 110 - 322. What is the remainder when w is divided by 27?
24
Suppose 4*v = -r + 120, -r + 4 = 2*v - 54. Let s = -22 + v. Let l(h) = -2*h - 7. What is the remainder when s is divided by l(-6)?
4
Let w(n) be the second derivative of 5/6*n**3 + 3*n**2 + 1/12*n**4 + 4*n + 0. Calculate the remainder when w(-4) is divided by 2.
0
Let x(d) = d**3 + 6*d**2 - 6*d + 8. Suppose -3*c - 19 = -1. Suppose 4*h - 93 + 33 = 0. What is the remainder when x(c) is divided by h?
14
Suppose 0 = 3*q - 9 - 3. Suppose -q*i = 3*k - 58, 5*k - 76 = -2*i + 30. Calculate the remainder when k is divided by 8.
6
Let g = 29 + -18. Calculate the remainder when 52 is divided by g.
8
Let k = -51 + 60. Calculate the remainder when 16 is divided by k.
7
Suppose -7*v + 40 = -30. Calculate the remainder when 38 is divided by v.
8
Let t(h) be the third derivative of 7*h**4/24 + 7*h**3/6 + h**2. Calculate the remainder when t(6) is divided by (-268)/(-16) + 2/8.
15
Suppose -3*u = -4*s + 65, 2*u - 50 = -4*s - 0*u. Suppose -2*c + 57 = 5*i + c, -i + 2*c = -s. What is the remainder when ((-2)/2)/(2/(-68)) is divided by i?
10
Let l = -11 + 95. What is the remainder when l is divided by 22?
18
Suppose 0 = -2*z + z + 14. Let x = 10 - 8. What is the remainder when z is divided by (x - -2)*(2 - 0)?
6
Let b(u) = u + 4. Let l be b(-3). Let i(d) = 8*d + 1. Calculate the remainder when 17 is divided by i(l).
8
Calculate the remainder when 26 is divided by (-4)/(-22) + 432/44.
6
Let w(t) = -t**3 - 13*t**2 + 14*t + 7. Calculate the remainder when w(-14) is divided by 5.
2
Suppose -2*t + 58 = -0*t. Calculate the remainder when t is divided by 4/(-42) - 233/(-21).
7
Let v(b) = b**3 + 2*b**2 + b. Let z be v(-1). Let f = z - -3. Suppose -3*c + f*i = 2*i - 28, 3*i = c - 4. What is the remainder when 18 is divided by c?
8
Suppose -5*w - 69 = -8*w. Let h = -3 + 70. What is the remainder when h is divided by w?
21
Let r = 86 - 58. Suppose -y = -3*h - 16, 0*y = -4*y - 5*h + 30. Calculate the remainder when r is divided by y.
8
Let s = -14 + 37. Let c(r) = -r + 7. What is the remainder when s is divided by c(-5)?
11
Suppose 6*l + 20 = 4*j + 5*l, -4*l = 2*j - 10. Suppose j*b + 25 - 80 = 0. What is the remainder when 31 is divided by b?
9
Calculate the remainder when ((-8)/(-6))/((-7)/(-84)) is divided by 10.
6
Suppose 1 + 7 = 4*h. Suppose 5*x - 1 = -2*j, -x + 4*x = 2*j - 9. What is the remainder when j is divided by h?
1
Suppose -4*f + 155 + 733 = 4*q, -2*f + 446 = q. Suppose 2*k = -4*b + 110, -3*k - 64 = b - f. Let s = -5 + 19. What is the remainder when k is divided by s?
11
Let b(s) be the first derivative of -s**3/3 + 6*s**2 - 7*s - 1. Let q = -23 - -33. What is the remainder when 50 is divided by b(q)?
11
Let h(z) = -3*z - 61. Let o(j) = -8*j - 3. Let q(v) = -17*v - 6. Let k(d) = 9*o(d) - 4*q(d). What is the remainder when h(-26) is divided by k(-3)?
8
Suppose -2 = 2*o - 6. Suppose -i = -o*r - 0*i + 6, 2*r + 2*i = 12. Suppose 6*l = 2*l + r, p - 8 = l. What is the remainder when 26 is divided by p?
8
Suppose q - 175 = -2*y, 2*q = -3*y + 132 + 131. Suppose 9 = -2*g + y. Calculate the remainder when g is divided by 10.
9
Suppose 2*r = -w - 7, 3*w - r - 14 = -0*r. Let y be w*5*3/9. Calculate the remainder when -2 + y/(15/9) is divided by 1.
0
Suppose 6 = 2*l - 0. Suppose 3*i = 3*x + 3, i + 5*x - 4 = l. What is the remainder when 28 is divided by ((-15)/(-3))/(1/i)?
8
Let v(l) = 1. Let f(u) = u - 1. Let c(t) = -f(t) + 3*v(t). Let j be c(5). What is the remainder when ((-2)/(-8))/(j/(-8)) is divided by 2?
0
Suppose -3*c - 2 = -8*c + 4*k, 0 = -3*c + 2*k. Calculate the remainder when (-2 + 4)*2/4 is divided by 0 + (-2)/2 - c.
0
Suppose -8*w + 175 = -w. Calculate the remainder when 49 is divided by w.
24
Calculate the remainder when 11 is divided by 64/40*5/2.
3
Let i = -18 + 31. Suppose 0 = 2*u - 33 + i. Suppose -v = -4*v + 84. Calculate the remainder when v is divided by u.
8
Let b(t) be the first derivative of -t**2 - 9*t + 2. Let g be b(-7). Suppose v - g*v = -28. Calculate the remainder when 12 is divided by v.
5
Suppose 5 = 2*y - 1. Suppose 2*i = -k + 53, -5*i + 4*i = -1. Suppose 0 = y*a - 6 - k. What is the remainder when a is divided by 5?
4
Let f(s) = -874*s**2 - 133. Let y(d) = 33*d**2 + 5. Suppose 0 = 2*v - 6 - 4. Let h(j) = v*f(j) + 133*y(j). Calculate the remainder when 55 is divided by h(1).
17
Let h(i) = 2*i + 11. Calculate the remainder when 21 is divided by h(0).
10
Let w = 24 - 13. Calculate the remainder when 31 is divided by w.
9
Let n(k) = k**2 - 15*k + 24. What is the remainder when 16 is divided by n(14)?
6
Suppose -v - 4*v = -10. Suppose 4*a - u = 37, -4*u = 2*a + 6 - v. Calculate the remainder when 29 is divided by a.
5
Suppose -4*r = -2*r - 10. Let m